{"id":228,"date":"2024-11-15T09:28:34","date_gmt":"2024-11-15T09:28:34","guid":{"rendered":"https:\/\/tframesport.com\/aviso-legal-copy\/"},"modified":"2024-12-03T12:23:48","modified_gmt":"2024-12-03T12:23:48","slug":"declaracion-de-accesibilidad","status":"publish","type":"page","link":"https:\/\/tframesport.com\/ca\/declaracion-de-accesibilidad\/","title":{"rendered":"Declaraci\u00f3 d&#039;accessibilitat"},"content":{"rendered":"<div data-elementor-type=\"wp-page\" data-elementor-id=\"228\" class=\"elementor elementor-228\" data-elementor-post-type=\"page\">\n\t\t\t\t<div class=\"elementor-element elementor-element-8896771 e-flex e-con-boxed e-con e-parent\" data-id=\"8896771\" data-element_type=\"container\" data-settings=\"{&quot;background_background&quot;:&quot;classic&quot;,&quot;jet_parallax_layout_list&quot;:[]}\">\n\t\t\t\t\t<div class=\"e-con-inner\">\n\t\t\t\t<div class=\"elementor-element elementor-element-4656f10 elementor-widget elementor-widget-heading\" data-id=\"4656f10\" data-element_type=\"widget\" data-widget_type=\"heading.default\">\n\t\t\t\t<div class=\"elementor-widget-container\">\n\t\t\t\t\t<h2 class=\"elementor-heading-title elementor-size-default\">Declaraci\u00f3 d&#039;accessibilitat<\/h2>\t\t\t\t<\/div>\n\t\t\t\t<\/div>\n\t\t\t\t\t<\/div>\n\t\t\t\t<\/div>\n\t\t<div class=\"elementor-element elementor-element-11ea52e e-flex e-con-boxed e-con e-parent\" data-id=\"11ea52e\" data-element_type=\"container\" data-settings=\"{&quot;jet_parallax_layout_list&quot;:[]}\">\n\t\t\t\t\t<div class=\"e-con-inner\">\n\t\t\t\t<div class=\"elementor-element elementor-element-09835dd elementor-widget elementor-widget-text-editor\" data-id=\"09835dd\" data-element_type=\"widget\" data-widget_type=\"text-editor.default\">\n\t\t\t\t<div class=\"elementor-widget-container\">\n\t\t\t\t\t\t\t\t\t<p>A Online Vall\u00e8s s&#039;ha comprom\u00e8s a fer accessible el vostre lloc web, de conformitat amb el Reial Decret 1112\/2018, de 7 de setembre, sobre accessibilitat dels llocs web i aplicacions per a dispositius m\u00f2bils del sector p\u00fablic.<\/p>\n<p>Aquesta declaraci\u00f3 d&#039;accessibilitat s&#039;aplica a aquest web.<\/p>\n<p><strong>Situaci\u00f3 de compliment<\/strong><br \/>Aquest lloc web est\u00e0 desenvolupat segons el RD 1112\/2018.<\/p>\n<p><strong>Preparaci\u00f3 per a la seg\u00fcent declaraci\u00f3 d&#039;accessibilitat<\/strong><br \/>Aquesta declaraci\u00f3 va ser preparada el 20 de maig del 2023.<\/p>\n<p>El m\u00e8tode emprat per preparar la declaraci\u00f3 ha estat una autoavaluaci\u00f3.<\/p>\n<p><strong>Observacions i dades de contacte<\/strong><br \/>Podeu realitzar comunicacions sobre requisits d&#039;accessibilitat (article 10.2.a del RD 1112\/2018) com:<\/p>\n<ul>\n<li>Informar sobre qualsevol possible incompliment per part daquest lloc web.<\/li>\n<li>Transmetre altres dificultats dacc\u00e9s al contingut.<\/li>\n<li>Formular qualsevol altra consulta o suggeriment de millora relativa a l&#039;accessibilitat del lloc web mitjan\u00e7ant el formulari de contacte d&#039;aquest lloc web o mitjan\u00e7ant el n\u00famero de tel\u00e8fon 93 768 52 49.<\/li>\n<\/ul>\n<p>Podeu presentar:<\/p>\n<ul>\n<li>Queixa relativa al compliment dels requisits del RD 1112\/2018.<\/li>\n<li>Sol\u00b7licitud d&#039;informaci\u00f3 accessible relativa a:\n<ul>\n<li>Continguts que estan exclosos de l\u00e0mbit daplicaci\u00f3 del RD 1112\/2018 segons el que estableix larticle 3, apartat 4.<\/li>\n<li>Continguts que estan exempts del compliment dels requisits daccessibilitat per imposar una c\u00e0rrega desproporcionada.<\/li>\n<\/ul>\n<\/li>\n<\/ul>\n<p>A la sol\u00b7licitud d&#039;informaci\u00f3 accessible, s&#039;han de concretar, amb tota claredat, els fets, les raons i la petici\u00f3 que permetin constatar que es tracta d&#039;una sol\u00b7licitud raonable i leg\u00edtima. Les queixes i les reclamacions sobre informaci\u00f3 accessible es realitzaran a trav\u00e9s de la seu. electr\u00f2nica (<a href=\"https:\/\/sede.red.gob.es\/procedimientos\/quejas-y-sugerencias\" target=\"_new\" rel=\"noreferrer\">https:\/\/sede.red.gob.es\/procedimientos\/quejas-y-sugerencias<\/a>), i seran rebudes i tractades per l&#039;\u00e0rea de Sistemes de la Informaci\u00f3 de Red.es.<\/p>\n<p><strong>Contingut opcional<\/strong><br \/>Si voleu canviar la mida de la lletra del text als principals navegadors gr\u00e0fics utilitzeu els men\u00fas seg\u00fcents:<\/p>\n<ul>\n<li><strong>Safari<\/strong>: Veure &gt; Fer el text m\u00e9s gran<\/li>\n<li><strong>Chrome<\/strong>: Controlar la p\u00e0gina actual &gt; Mida del text<\/li>\n<\/ul>\n<p>Per modificar la mida de tot a la p\u00e0gina:<\/p>\n<ul>\n<li>Ctrl + + per augmentar-ho<\/li>\n<li>Ctrl + \u2013 per disminuir-ho<\/li>\n<li>Ctrl + 0 restaura la mida original del text<\/li>\n<\/ul>\n<p>Si el que voleu \u00e9s anul\u00b7lar el full d&#039;estils o modificar el color del text, podeu consultar la p\u00e0gina How to Change Text Size o Colors de la WAI, que es pot llegir tradu\u00eft al catal\u00e0 a Com canviar la mida del text o colors?<\/p>\t\t\t\t\t\t\t\t<\/div>\n\t\t\t\t<\/div>\n\t\t\t\t\t<\/div>\n\t\t\t\t<\/div>\n\t\t\t\t<\/div>","protected":false},"excerpt":{"rendered":"<p>En Online Vall\u00e8s se ha comprometido a hacer accesible su sitio web, de conformidad con el Real Decreto 1112\/2018, de 7 de septiembre, sobre accesibilidad de los sitios web y aplicaciones para dispositivos m\u00f3viles del sector p\u00fablico. Esta declaraci\u00f3n de accesibilidad se aplica a esta web. Situaci\u00f3n de cumplimientoEste sitio web est\u00e1 desarrollado de acuerdo [&hellip;]<\/p>","protected":false},"author":1,"featured_media":0,"parent":0,"menu_order":0,"comment_status":"closed","ping_status":"closed","template":"","meta":{"footnotes":""},"class_list":["post-228","page","type-page","status-publish","hentry"],"yoast_head":"<!-- This site is optimized with the Yoast SEO plugin v26.3 - https:\/\/yoast.com\/wordpress\/plugins\/seo\/ -->\n<title>Declaraci\u00f3n de accesibilidad - T-Frame<\/title>\n<meta name=\"robots\" content=\"index, follow, max-snippet:-1, max-image-preview:large, max-video-preview:-1\" \/>\n<link rel=\"canonical\" href=\"https:\/\/tframesport.com\/ca\/declaracion-de-accesibilidad\/\" \/>\n<meta property=\"og:locale\" content=\"ca_ES\" \/>\n<meta property=\"og:type\" content=\"article\" \/>\n<meta property=\"og:title\" content=\"Declaraci\u00f3n de accesibilidad - T-Frame\" \/>\n<meta property=\"og:description\" content=\"En Online Vall\u00e8s se ha comprometido a hacer accesible su sitio web, de conformidad con el Real Decreto 1112\/2018, de 7 de septiembre, sobre accesibilidad de los sitios web y aplicaciones para dispositivos m\u00f3viles del sector p\u00fablico. Esta declaraci\u00f3n de accesibilidad se aplica a esta web. Situaci\u00f3n de cumplimientoEste sitio web est\u00e1 desarrollado de acuerdo [&hellip;]\" \/>\n<meta property=\"og:url\" content=\"https:\/\/tframesport.com\/ca\/declaracion-de-accesibilidad\/\" \/>\n<meta property=\"og:site_name\" content=\"T-Frame\" \/>\n<meta property=\"article:modified_time\" content=\"2024-12-03T12:23:48+00:00\" \/>\n<meta name=\"twitter:card\" content=\"summary_large_image\" \/>\n<meta name=\"twitter:label1\" content=\"Temps estimat de lectura\" \/>\n\t<meta name=\"twitter:data1\" content=\"2 minuts\" \/>\n<script type=\"application\/ld+json\" class=\"yoast-schema-graph\">{\"@context\":\"https:\/\/schema.org\",\"@graph\":[{\"@type\":\"WebPage\",\"@id\":\"https:\/\/tframesport.com\/declaracion-de-accesibilidad\/\",\"url\":\"https:\/\/tframesport.com\/declaracion-de-accesibilidad\/\",\"name\":\"Declaraci\u00f3n de accesibilidad - T-Frame\",\"isPartOf\":{\"@id\":\"https:\/\/tframesport.com\/#website\"},\"datePublished\":\"2024-11-15T09:28:34+00:00\",\"dateModified\":\"2024-12-03T12:23:48+00:00\",\"breadcrumb\":{\"@id\":\"https:\/\/tframesport.com\/declaracion-de-accesibilidad\/#breadcrumb\"},\"inLanguage\":\"ca\",\"potentialAction\":[{\"@type\":\"ReadAction\",\"target\":[\"https:\/\/tframesport.com\/declaracion-de-accesibilidad\/\"]}]},{\"@type\":\"BreadcrumbList\",\"@id\":\"https:\/\/tframesport.com\/declaracion-de-accesibilidad\/#breadcrumb\",\"itemListElement\":[{\"@type\":\"ListItem\",\"position\":1,\"name\":\"Portada\",\"item\":\"https:\/\/tframesport.com\/\"},{\"@type\":\"ListItem\",\"position\":2,\"name\":\"Declaraci\u00f3n de accesibilidad\"}]},{\"@type\":\"WebSite\",\"@id\":\"https:\/\/tframesport.com\/#website\",\"url\":\"https:\/\/tframesport.com\/\",\"name\":\"T-Frame\",\"description\":\"Enmarca lo que amas, protege lo que importa\",\"publisher\":{\"@id\":\"https:\/\/tframesport.com\/#organization\"},\"potentialAction\":[{\"@type\":\"SearchAction\",\"target\":{\"@type\":\"EntryPoint\",\"urlTemplate\":\"https:\/\/tframesport.com\/?s={search_term_string}\"},\"query-input\":{\"@type\":\"PropertyValueSpecification\",\"valueRequired\":true,\"valueName\":\"search_term_string\"}}],\"inLanguage\":\"ca\"},{\"@type\":\"Organization\",\"@id\":\"https:\/\/tframesport.com\/#organization\",\"name\":\"T-Frame\",\"url\":\"https:\/\/tframesport.com\/\",\"logo\":{\"@type\":\"ImageObject\",\"inLanguage\":\"ca\",\"@id\":\"https:\/\/tframesport.com\/#\/schema\/logo\/image\/\",\"url\":\"https:\/\/tframesport.com\/wp-content\/uploads\/2024\/11\/2.png\",\"contentUrl\":\"https:\/\/tframesport.com\/wp-content\/uploads\/2024\/11\/2.png\",\"width\":800,\"height\":500,\"caption\":\"T-Frame\"},\"image\":{\"@id\":\"https:\/\/tframesport.com\/#\/schema\/logo\/image\/\"}}]}<\/script>\n<!-- \/ Yoast SEO plugin. -->","yoast_head_json":{"title":"Declaraci\u00f3n de accesibilidad - T-Frame","robots":{"index":"index","follow":"follow","max-snippet":"max-snippet:-1","max-image-preview":"max-image-preview:large","max-video-preview":"max-video-preview:-1"},"canonical":"https:\/\/tframesport.com\/ca\/declaracion-de-accesibilidad\/","og_locale":"ca_ES","og_type":"article","og_title":"Declaraci\u00f3n de accesibilidad - T-Frame","og_description":"En Online Vall\u00e8s se ha comprometido a hacer accesible su sitio web, de conformidad con el Real Decreto 1112\/2018, de 7 de septiembre, sobre accesibilidad de los sitios web y aplicaciones para dispositivos m\u00f3viles del sector p\u00fablico. Esta declaraci\u00f3n de accesibilidad se aplica a esta web. Situaci\u00f3n de cumplimientoEste sitio web est\u00e1 desarrollado de acuerdo [&hellip;]","og_url":"https:\/\/tframesport.com\/ca\/declaracion-de-accesibilidad\/","og_site_name":"T-Frame","article_modified_time":"2024-12-03T12:23:48+00:00","twitter_card":"summary_large_image","twitter_misc":{"Temps estimat de lectura":"2 minuts"},"schema":{"@context":"https:\/\/schema.org","@graph":[{"@type":"WebPage","@id":"https:\/\/tframesport.com\/declaracion-de-accesibilidad\/","url":"https:\/\/tframesport.com\/declaracion-de-accesibilidad\/","name":"Declaraci\u00f3n de accesibilidad - T-Frame","isPartOf":{"@id":"https:\/\/tframesport.com\/#website"},"datePublished":"2024-11-15T09:28:34+00:00","dateModified":"2024-12-03T12:23:48+00:00","breadcrumb":{"@id":"https:\/\/tframesport.com\/declaracion-de-accesibilidad\/#breadcrumb"},"inLanguage":"ca","potentialAction":[{"@type":"ReadAction","target":["https:\/\/tframesport.com\/declaracion-de-accesibilidad\/"]}]},{"@type":"BreadcrumbList","@id":"https:\/\/tframesport.com\/declaracion-de-accesibilidad\/#breadcrumb","itemListElement":[{"@type":"ListItem","position":1,"name":"Portada","item":"https:\/\/tframesport.com\/"},{"@type":"ListItem","position":2,"name":"Declaraci\u00f3n de accesibilidad"}]},{"@type":"WebSite","@id":"https:\/\/tframesport.com\/#website","url":"https:\/\/tframesport.com\/","name":"T-Frame","description":"Emmarca el que estimes, protegeix el que importa","publisher":{"@id":"https:\/\/tframesport.com\/#organization"},"potentialAction":[{"@type":"SearchAction","target":{"@type":"EntryPoint","urlTemplate":"https:\/\/tframesport.com\/?s={search_term_string}"},"query-input":{"@type":"PropertyValueSpecification","valueRequired":true,"valueName":"search_term_string"}}],"inLanguage":"ca"},{"@type":"Organization","@id":"https:\/\/tframesport.com\/#organization","name":"T-Frame","url":"https:\/\/tframesport.com\/","logo":{"@type":"ImageObject","inLanguage":"ca","@id":"https:\/\/tframesport.com\/#\/schema\/logo\/image\/","url":"https:\/\/tframesport.com\/wp-content\/uploads\/2024\/11\/2.png","contentUrl":"https:\/\/tframesport.com\/wp-content\/uploads\/2024\/11\/2.png","width":800,"height":500,"caption":"T-Frame"},"image":{"@id":"https:\/\/tframesport.com\/#\/schema\/logo\/image\/"}}]}},"_links":{"self":[{"href":"https:\/\/tframesport.com\/ca\/wp-json\/wp\/v2\/pages\/228","targetHints":{"allow":["GET"]}}],"collection":[{"href":"https:\/\/tframesport.com\/ca\/wp-json\/wp\/v2\/pages"}],"about":[{"href":"https:\/\/tframesport.com\/ca\/wp-json\/wp\/v2\/types\/page"}],"author":[{"embeddable":true,"href":"https:\/\/tframesport.com\/ca\/wp-json\/wp\/v2\/users\/1"}],"replies":[{"embeddable":true,"href":"https:\/\/tframesport.com\/ca\/wp-json\/wp\/v2\/comments?post=228"}],"version-history":[{"count":8,"href":"https:\/\/tframesport.com\/ca\/wp-json\/wp\/v2\/pages\/228\/revisions"}],"predecessor-version":[{"id":341,"href":"https:\/\/tframesport.com\/ca\/wp-json\/wp\/v2\/pages\/228\/revisions\/341"}],"wp:attachment":[{"href":"https:\/\/tframesport.com\/ca\/wp-json\/wp\/v2\/media?parent=228"}],"curies":[{"name":"wp","href":"https:\/\/api.w.org\/{rel}","templated":true}]}}

Declaració d&#039;accessibilitat

<div data-elementor-type="wp-page" data-elementor-id="228" class="elementor elementor-228" data-elementor-post-type="page">
				<div class="elementor-element elementor-element-8896771 e-flex e-con-boxed e-con e-parent" data-id="8896771" data-element_type="container" data-settings="{&quot;background_background&quot;:&quot;classic&quot;,&quot;jet_parallax_layout_list&quot;:[]}">
					<div class="e-con-inner">
				<div class="elementor-element elementor-element-4656f10 elementor-widget elementor-widget-heading" data-id="4656f10" data-element_type="widget" data-widget_type="heading.default">
				<div class="elementor-widget-container">
					<h2 class="elementor-heading-title elementor-size-default">Declaració d&#039;accessibilitat</h2>				</div>
				</div>
					</div>
				</div>
		<div class="elementor-element elementor-element-11ea52e e-flex e-con-boxed e-con e-parent" data-id="11ea52e" data-element_type="container" data-settings="{&quot;jet_parallax_layout_list&quot;:[]}">
					<div class="e-con-inner">
				<div class="elementor-element elementor-element-09835dd elementor-widget elementor-widget-text-editor" data-id="09835dd" data-element_type="widget" data-widget_type="text-editor.default">
				<div class="elementor-widget-container">
									<p>A Online Vallès s&#039;ha compromès a fer accessible el vostre lloc web, de conformitat amb el Reial Decret 1112/2018, de 7 de setembre, sobre accessibilitat dels llocs web i aplicacions per a dispositius mòbils del sector públic.</p>
<p>Aquesta declaració d&#039;accessibilitat s&#039;aplica a aquest web.</p>
<p><strong>Situació de compliment</strong><br />Aquest lloc web està desenvolupat segons el RD 1112/2018.</p>
<p><strong>Preparació per a la següent declaració d&#039;accessibilitat</strong><br />Aquesta declaració va ser preparada el 20 de maig del 2023.</p>
<p>El mètode emprat per preparar la declaració ha estat una autoavaluació.</p>
<p><strong>Observacions i dades de contacte</strong><br />Podeu realitzar comunicacions sobre requisits d&#039;accessibilitat (article 10.2.a del RD 1112/2018) com:</p>
<ul>
<li>Informar sobre qualsevol possible incompliment per part daquest lloc web.</li>
<li>Transmetre altres dificultats daccés al contingut.</li>
<li>Formular qualsevol altra consulta o suggeriment de millora relativa a l&#039;accessibilitat del lloc web mitjançant el formulari de contacte d&#039;aquest lloc web o mitjançant el número de telèfon 93 768 52 49.</li>
</ul>
<p>Podeu presentar:</p>
<ul>
<li>Queixa relativa al compliment dels requisits del RD 1112/2018.</li>
<li>Sol·licitud d&#039;informació accessible relativa a:
<ul>
<li>Continguts que estan exclosos de làmbit daplicació del RD 1112/2018 segons el que estableix larticle 3, apartat 4.</li>
<li>Continguts que estan exempts del compliment dels requisits daccessibilitat per imposar una càrrega desproporcionada.</li>
</ul>
</li>
</ul>
<p>A la sol·licitud d&#039;informació accessible, s&#039;han de concretar, amb tota claredat, els fets, les raons i la petició que permetin constatar que es tracta d&#039;una sol·licitud raonable i legítima. Les queixes i les reclamacions sobre informació accessible es realitzaran a través de la seu. electrònica (<a href="https://sede.red.gob.es/procedimientos/quejas-y-sugerencias" target="_new" rel="noreferrer">https://sede.red.gob.es/procedimientos/quejas-y-sugerencias</a>), i seran rebudes i tractades per l&#039;àrea de Sistemes de la Informació de Red.es.</p>
<p><strong>Contingut opcional</strong><br />Si voleu canviar la mida de la lletra del text als principals navegadors gràfics utilitzeu els menús següents:</p>
<ul>
<li><strong>Safari</strong>: Veure &gt; Fer el text més gran</li>
<li><strong>Chrome</strong>: Controlar la pàgina actual &gt; Mida del text</li>
</ul>
<p>Per modificar la mida de tot a la pàgina:</p>
<ul>
<li>Ctrl + + per augmentar-ho</li>
<li>Ctrl + – per disminuir-ho</li>
<li>Ctrl + 0 restaura la mida original del text</li>
</ul>
<p>Si el que voleu és anul·lar el full d&#039;estils o modificar el color del text, podeu consultar la pàgina How to Change Text Size o Colors de la WAI, que es pot llegir traduït al català a Com canviar la mida del text o colors?</p>								</div>
				</div>
					</div>
				</div>
				</div>

<p>En Online Vallès se ha comprometido a hacer accesible su sitio web, de conformidad con el Real Decreto 1112/2018, de 7 de septiembre, sobre accesibilidad de los sitios web y aplicaciones para dispositivos móviles del sector público. Esta declaración de accesibilidad se aplica a esta web. Situación de cumplimientoEste sitio web está desarrollado de acuerdo [&hellip;]</p>

<!-- This site is optimized with the Yoast SEO plugin v26.3 - https://yoast.com/wordpress/plugins/seo/ -->
<title>Declaración de accesibilidad - T-Frame</title>
<meta name="robots" content="index, follow, max-snippet:-1, max-image-preview:large, max-video-preview:-1" />
<link rel="canonical" href="https://tframesport.com/ca/declaracion-de-accesibilidad/" />
<meta property="og:locale" content="ca_ES" />
<meta property="og:type" content="article" />
<meta property="og:title" content="Declaración de accesibilidad - T-Frame" />
<meta property="og:description" content="En Online Vallès se ha comprometido a hacer accesible su sitio web, de conformidad con el Real Decreto 1112/2018, de 7 de septiembre, sobre accesibilidad de los sitios web y aplicaciones para dispositivos móviles del sector público. Esta declaración de accesibilidad se aplica a esta web. Situación de cumplimientoEste sitio web está desarrollado de acuerdo [&hellip;]" />
<meta property="og:url" content="https://tframesport.com/ca/declaracion-de-accesibilidad/" />
<meta property="og:site_name" content="T-Frame" />
<meta property="article:modified_time" content="2024-12-03T12:23:48+00:00" />
<meta name="twitter:card" content="summary_large_image" />
<meta name="twitter:label1" content="Temps estimat de lectura" />
	<meta name="twitter:data1" content="2 minuts" />
<script type="application/ld+json" class="yoast-schema-graph">{"@context":"https://schema.org","@graph":[{"@type":"WebPage","@id":"https://tframesport.com/declaracion-de-accesibilidad/","url":"https://tframesport.com/declaracion-de-accesibilidad/","name":"Declaración de accesibilidad - T-Frame","isPartOf":{"@id":"https://tframesport.com/#website"},"datePublished":"2024-11-15T09:28:34+00:00","dateModified":"2024-12-03T12:23:48+00:00","breadcrumb":{"@id":"https://tframesport.com/declaracion-de-accesibilidad/#breadcrumb"},"inLanguage":"ca","potentialAction":[{"@type":"ReadAction","target":["https://tframesport.com/declaracion-de-accesibilidad/"]}]},{"@type":"BreadcrumbList","@id":"https://tframesport.com/declaracion-de-accesibilidad/#breadcrumb","itemListElement":[{"@type":"ListItem","position":1,"name":"Portada","item":"https://tframesport.com/"},{"@type":"ListItem","position":2,"name":"Declaración de accesibilidad"}]},{"@type":"WebSite","@id":"https://tframesport.com/#website","url":"https://tframesport.com/","name":"T-Frame","description":"Enmarca lo que amas, protege lo que importa","publisher":{"@id":"https://tframesport.com/#organization"},"potentialAction":[{"@type":"SearchAction","target":{"@type":"EntryPoint","urlTemplate":"https://tframesport.com/?s={search_term_string}"},"query-input":{"@type":"PropertyValueSpecification","valueRequired":true,"valueName":"search_term_string"}}],"inLanguage":"ca"},{"@type":"Organization","@id":"https://tframesport.com/#organization","name":"T-Frame","url":"https://tframesport.com/","logo":{"@type":"ImageObject","inLanguage":"ca","@id":"https://tframesport.com/#/schema/logo/image/","url":"https://tframesport.com/wp-content/uploads/2024/11/2.png","contentUrl":"https://tframesport.com/wp-content/uploads/2024/11/2.png","width":800,"height":500,"caption":"T-Frame"},"image":{"@id":"https://tframesport.com/#/schema/logo/image/"}}]}</script>
<!-- / Yoast SEO plugin. -->

Declaración de accesibilidad - T-Frame

En Online Vallès se ha comprometido a hacer accesible su sitio web, de conformidad con el Real Decreto 1112/2018, de 7 de septiembre, sobre accesibilidad de los sitios web y aplicaciones para dispositivos móviles del sector público. Esta declaración de accesibilidad se aplica a esta web. Situación de cumplimientoEste sitio web está desarrollado de acuerdo [&hellip;]

Declaración de accesibilidad
